vert 1326 (base 10) to base 3.
1211010
What is -1111 (base 7) in base 5?
-3100
Convert 1400 (base 10) to base 5.
21100
Convert -1c8 (base 15) to base 14.
-217
-17477 (base 11) to base 5
-1241101
What is -311150 (base 6) in base 9?
-37143
Convert -14 (base 11) to base 5.
-30
Convert -6a0a (base 11) to base 8.
-21766
What is 18a53 (base 11) in base 12?
13451
-1043 (base 6) to base 8
-363
17765 (base 8) to base 4
1333311
What is 2020012 (base 4) in base 9?
12847
Convert 37024 (base 10) to base 7.
212641
589 (base 10) to base 16
24d
Convert -110011110011 (base 2) to base 10.
-3315
3410 (base 5) to base 16
1e0
What is 12233033 (base 4) in base 7?
143315
630b (base 12) to base 5
321221
7122 (base 9) to base 4
1101110
Convert -12b6 (base 16) to base 9.
-6512
What is 18999 (base 13) in base 7?
256212
-59f (base 16) to base 9
-1868
What is 6043 (base 8) in base 2?
110000100011
Convert -b948 (base 12) to base 15.
-6075
-863b (base 12) to base 15
-4575
What is 120332 (base 4) in base 16?
63e
-121202 (base 3) to base 14
-244
-143231 (base 5) to base 13
-29b8
-100 (base 2) to base 15
-4
Convert 1379 (base 13) to base 8.
5364
Convert -6665 (base 8) to base 13.
-179c
-131 (base 16) to base 6
-1225
What is 525 (base 10) in base 7?
1350
Convert -13311 (base 13) to base 2.
-1000101101011001
Convert 126225 (base 7) to base 4.
11303220
-20355 (base 9) to base 13
-614c
What is -12188 (base 12) in base 9?
-36465
What is 33221 (base 6) in base 16?
120d
Convert 1111 (base 10) to base 6.
5051
-2441 (base 11) to base 10
-3191
Convert -32320 (base 4) to base 2.
-1110111000
Convert -1120 (base 16) to base 6.
-32144
What is -1100111011110 (base 2) in base 7?
-25210
893 (base 14) to base 8
3241
What is 1010110100111010 (base 2) in base 16?
ad3a
Convert -1001100111100 (base 2) to base 13.
-231a
What is 110111110110110 (base 2) in base 14?
a5ca
2056 (base 7) to base 11
601
What is -2720 (base 8) in base 14?
-784
What is -14424 (base 5) in base 7?
-3420
Convert -2021000022 (base 3) to base 14.
-122cd
What is -13431 (base 5) in base 13?
-67b
1111011001010 (base 2) to base 9
11727
What is 30411 (base 5) in base 16?
7bd
What is -b87 (base 12) in base 14?
-887
-7753 (base 11) to base 13
-4864
What is -11173 (base 8) in base 16?
-127b
Convert -208 (base 16) to base 12.
-374
Convert 1b6e (base 16) to base 13.
3272
Convert 2798 (base 13) to base 9.
7735
What is 11551 (base 6) in base 14?
8b1
What is 275 (base 14) in base 7?
1305
21c0 (base 15) to base 14
2871
What is 685 (base 9) in base 7?
1433
Convert 222221 (base 5) to base 12.
462b
-10210 (base 3) to base 6
-250
Convert -122005 (base 6) to base 2.
-10101000110101
35 (base 6) to base 9
25
Convert 121110 (base 4) to base 5.
22440
Convert -3472 (base 11) to base 7.
-16166
-144 (base 9) to base 5
-441
What is -612 (base 7) in base 8?
-457
Convert 75160 (base 8) to base 9.
46886
What is -11011110 (base 2) in base 6?
-1010
253 (base 10) to base 5
2003
-16010 (base 7) to base 2
-1000101110010
Convert -660 (base 10) to base 7.
-1632
What is 11200 (base 3) in base 2?
1111110
Convert -136160 (base 7) to base 2.
-110011000101111
What is 1054 (base 13) in base 5?
33031
What is -206470 (base 8) in base 13?
-254a7
What is 13236 (base 7) in base 3?
11212200
Convert -108 (base 10) to base 7.
-213
Convert 102114 (base 5) to base 4.
311101
What is 3353 (base 6) in base 7?
2205
-3271 (base 12) to base 2
-1010110110101
Convert -111010101 (base 2) to base 8.
-725
Convert b90 (base 13) to base 16.
7b8
Convert 3003 (base 5) to base 4.
11322
What is -1133 (base 5) in base 2?
-10101000
Convert -3303 (base 4) to base 5.
-1433
What is 2616 (base 14) in base 8?
15034
Convert -707 (base 8) to base 14.
-247
49c (base 14) to base 5
12142
Convert -31732 (base 8) to base 6.
-141242
What is 12123 (base 7) in base 3?
11022210
Convert 222535 (base 6) to base 14.
6bb5
Convert -8703 (base 14) to base 5.
-1221302
Convert 308 (base 16) to base 9.
1052
Convert -102207 (base 9) to base 8.
-166404
-1210212 (base 3) to base 14
-6a3
Convert 763 (base 16) to base 2.
11101100011
What is 5b9 (base 14) in base 7?
3222
What is 24e (base 15) in base 4?
20030
Convert 30320 (base 4) to base 8.
1470
22552 (base 7) to base 13
281b
Convert 833 (base 10) to base 2.
1101000001
What is -361 (base 14) in base 8?
-1241
What is 844 (base 11) in base 12?
708
-6bd5 (base 16) to base 15
-82a5
What is -1206 (base 9) in base 11?
-746
100 (base 11) to base 12
a1
What is -125 (base 11) in base 6?
-404
Convert 1010220 (base 6) to base 2.
1011101110100100
Convert -13088 (base 10) to base 8.
-31440
What is 2477 (base 8) in base 12?
93b
Convert -a876 (base 12) to base 2.
-100100001011010
Convert 360a (base 11) to base 7.
16534
Convert -101010 (base 2) to base 3.
-1120
What is -113 (base 7) in base 4?
-323
545 (base 14) to base 2
10000010001
Convert -3b90 (base 13) to base 6.
-103355
What is -3073 (base 9) in base 13?
-1044
-202 (base 3) to base 12
-18
Convert 670 (base 9) to base 2.
1000100101
What is -65c (base 16) in base 7?
-4514
Convert 1012102 (base 3) to base 9.
1172
113 (base 5) to base 7
45
What is -2203 (base 7) in base 16?
-313
4043210 (base 5) to base 6
1222530
What is 12111 (base 3) in base 16?
94
Convert -1111122210 (base 3) to base 16.
-73c8
Convert 4001 (base 10) to base 8.
7641
-23022102 (base 4) to base 10
-45714
What is 274 (base 14) in base 9?
608
Convert -4822 (base 11) to base 8.
-14254
3232012 (base 4) to base 14
57a6
Convert b76 (base 14) to base 16.
8d4
Convert -12220 (base 6) to base 9.
-2433
What is 41437 (base 9) in base 14?
9d63
Convert 2765 (base 14) to base 6.
52101
Convert 32104 (base 5) to base 12.
12b6
Convert -95 (base 13) to base 2.
-1111010
What is 1136 (base 15) in base 16?
e43
-3140024 (base 5) to base 8
-146442
What is -1001020102 (base 3) in base 4?
-11001221
Convert 16303 (base 10) to base 16.
3faf
113504 (base 9) to base 7
402565
Convert -253a6 (base 13) to base 10.
-68750
27a (base 11) to base 15
16e
27928 (base 13) to base 10
74056
What is -1458 (base 12) in base 11?
-1867
Convert da38 (base 15) to base 12.
22882
Convert -ad1b (base 14) to base 16.
-753d
What is -21210 (base 3) in base 2?
-11010010
-100111100 (base 2) to base 15
-161
100001101 (base 2) to base 8
415
Convert -35417 (base 9) to base 13.
-aa08
What is -693 (base 11) in base 12?
-590
-21122 (base 3) to base 14
-10a
Convert 111011111110 (base 2) to base 16.
efe
-11310 (base 4) to base 2
-101110100
What is -100110001000 (base 2) in base 7?
-10054
What is -4431 (base 5) in base 8?
-1150
What is -605 (base 9) in base 11?
-407
What is 102202111 (base 3) in base 14?
31a4
-120221 (base 3) to base 15
-1da
-22110 (base 7) to base 10
-5544
What is -253 (base 9) in base 12?
-156
Convert -e3 (base 15) to base 13.
-135
b3b4 (base 12) to base 6
230344
-32219 (base 10) to base 15
-982e
-29263 (base 13) to base 4
-102320002
-400243 (base 6) to base 15
-93a3
Convert -302322 (base 5) to base 6.
-112544
-1053 (base 11) to base 12
-979
Convert -2641 (base 9) to base 13.
-b95
Convert -8506 (base 9) to base 15.
-1cb3
-11341 (base 5) to base 12
-5a6
What is 10063 (base 10) in base 4?
2131033
Convert 14432 (base 5) to base 12.
876
4960 (base 10) to base 3
20210201
-20342 (base 6) to base 14
-dca
What is 11101011000 (base 2) in base 11?
145a
Convert 35532 (base 9) to base 5.
1230022
-727 (base 8) to base 16
-1d7
Convert 4228 (base 10) to base 8.
10204
What is -1a06a (base 14) in base 5?
-4102300
What is 305c (base 13) in base 8?
15014
What is -16e9 (base 15) in base 14?
-1b32
Convert -646 (base 10) to base 12.
-45a
-1032001 (base 5) to base 14
-667d
Convert -334 (base 13) to base 12.
-39a
What is 657 (base 12) in base 13?
568
What is 11435 (base 8) in base 5?
124033
Convert -1827 (base 10) to base 11.
-1411
What is 807 (base 11) in base 5?
12400
What is -672 (base 10) in base 6?
-3040
Convert a21 (base 16) to base 6.
20001
What is 598 (base 14) in base 2?
10001011010
What is -84758 (base 9) in base 14?
-165ba
What is -2225 (base 10) in base 15?
-9d5
What is -26244 (base 9) in base 4?
-10110202
What is 68a6 (base 15) in base 9?
33413
What is 125342 (base 6) in base 3?
120212222
Convert -47eb (base 15) to base 3.
-202222112
What is 125 (base 7) in base 12?
58
-362 (base 13) to base 8
-1113
Convert -440351 (base 6) t